- 147*k + 879. What are the prime factors of y(-111)?
3, 9839
Let o(s) = s**3 - 8*s**2 + 8*s - 2. Let t be o(6). Suppose 185 = -3102*h + 3097*h. Let c = t - h. What are the prime factors of c?
11
Let p be -5 - -4 - 5*(0 + -1). Suppose h = p*y + 1 - 42, 26 = 4*y + 2*h. Suppose -c = -y*c + 696. What are the prime factors of c?
3, 29
Suppose 5*y = -v + 2*v - 49, 0 = v - 4*y - 54. Let x = -55 + v. Let g = 55 + x. List the prime factors of g.
2, 37
Let c(y) be the first derivative of -y**4/4 + 17*y + 1. Let z be 0*(((-442)/(-65))/(-17) + 14/10). What are the prime factors of c(z)?
17
Let c = 19309 - 12785. What are the prime factors of c?
2, 7, 233
Suppose 0 = -15*o + 14*o + 13351 + 9388. List the prime factors of o.
22739
Suppose 5609*c + 432822 = 5640*c. List the prime factors of c.
2, 3, 13, 179
Suppose -15961 + 9928 = -22*i + 23139. List the prime factors of i.
2, 3, 13, 17
Let m(f) = -8466*f**3 + f**2 + 364*f + 363. List the prime factors of m(-1).
2, 3, 17, 83
Suppose 11 = -10*y + 41. What are the prime factors of (-1888)/(-6)*y - 1?
23, 41
Let s = 95 - 155. What are the prime factors of (s/8 - 0)*-102?
3, 5, 17
Let j(f) be the third derivative of 0 - 1/24*f**4 + 1/2*f**3 - 18*f**2 + 0*f + 1/30*f**5. List the prime factors of j(6).
3, 23
Let v = 3870 - 2788. List the prime factors of v.
2, 541
List the prime factors of 4/10 + 921560/(-100)*-1.
2, 3
Let u = -39546 - -68341. What are the prime factors of u?
5, 13, 443
Suppose -6*f + 35 = 17. Suppose f*p - 2028 = -381. What are the prime factors of p?
3, 61
Suppose -6*g + 319 + 209 = 0. Suppose -g = -5*q + 367. List the prime factors of q.
7, 13
Let h = 1604 - 2732. What are the prime factors of 8/12 - h/9?
2, 3, 7
Let m(b) = -b**2 - 17*b + 19. Let z = -62 - -54. Let v = -23 - z. List the prime factors of m(v).
7
Suppose 5*m + 20 - 5 = 0. What are the prime factors of m/2*((-170)/15 + 4)?
11
Suppose -44*i - j = -46*i + 48884, 73323 = 3*i - 3*j. List the prime factors of i.
24443
Suppose 3 = 3*g - 6. Let f(y) = y**3 - 17*y**2 + 13*y + 53. Let q be f(16). Suppose -g*h = -2*c - 500, 0 = h + q*c - 0*c - 195. List the prime factors of h.
2, 5, 17
Let j be (-24 + (-4 - -1))*-1*1. Let y = j - -17. Suppose 5*l - y = 4*l. List the prime factors of l.
2, 11
List the prime factors of ((-108)/15)/((-249)/359390).
2, 3, 433
Let o(p) = 2*p - 9. Suppose -4*l + 5*c + 8 = 4*c, 5*c + 6 = 3*l. Let x be o(l). What are the prime factors of 5 - 3 - 1180/x?
2, 7, 17
What are the prime factors of (324/(-45))/((-108)/174285)?
3, 1291
Let z(l) = 11*l - 86. Let y be z(11). Let r = -16 + 13. Let m = r + y. List the prime factors of m.
2
Suppose -4*n - 244 = -4. Suppose 2*r + 2*i = 6*i + 480, -2*r - 2*i = -474. What are the prime factors of (n/(-21))/(4/r)?
2, 5, 17
Let d(a) be the first derivative of a**4/4 + 31*a**3/3 + 81*a**2 + 18*a + 152. List the prime factors of d(-17).
2, 5, 131
Let i be (25 - 22) + 2 + -1. What are the prime factors of 1190/6 + i/6 - -5?
2, 3, 17
Let b(d) = 3*d**2 + 70*d - 51. Let y(x) = -x**2 + 35. Let t be y(-8). What are the prime factors of b(t)?
2, 13, 17
Let v(n) = 6*n - 4. Let w be v(0). What are the prime factors of 85 - 3/(w - 5/(-2))?
3, 29
Suppose 123*m - 35*m = 500456. What are the prime factors of m?
11, 47
List the prime factors of 2738 - (-21)/((-357)/(-170)).
2, 3, 229
Let o(c) = -15*c - 4. Let h be o(4). Let l(y) = -20*y**2 + 26*y + 41. Let q be l(-3). Let p = h - q. What are the prime factors of p?
3, 17
Let m = 423 + 713. Suppose 0 = 3*k, u - m = -3*u + k. What are the prime factors of u?
2, 71
What are the prime factors of 2*(-11)/(-2) + (21109 - 16)?
2, 1319
Suppose 5*j - 32*j + 459 = 0. Let i(p) = 22*p - 9. List the prime factors of i(j).
5, 73
Let k = -18823 - -27034. What are the prime factors of k?
3, 7, 17, 23
What are the prime factors of 2/(-14) + (-5 - (-565268)/28)?
20183
Suppose -23*z + 66 = -20*z. Suppose 12*x = -z*x + 32130. List the prime factors of x.
3, 5, 7
Suppose 43*j + 6 = 40*j, 3*o - 4*j = 22211. List the prime factors of o.
3, 2467
Suppose 3*c - 2*p = -3*p + 8, 4*p - 8 = -4*c. Suppose 13 = 3*u + 4*i, 2*u + 10 = 4*u + c*i. List the prime factors of (146/u)/(-5 - (-6 - -3)).
73
Suppose -198*z = -599072 - 655258. List the prime factors of z.
5, 7, 181
Let t be ((-9)/(-2) - 3)*-6. What are the prime factors of 1/(38128/4236 + t)?
3, 353
Let d = -56694 - -122502. What are the prime factors of d?
2, 3, 457
Suppose 0*f - 72 = 12*f. Let j be 507/2*(-4)/f. Suppose -j = -g - 4*l, 507 = 3*g + 8*l - 3*l. List the prime factors of g.
13
Let a = -94 + 94. Suppose a = 11*n + 4*n - 5730. What are the prime factors of n?
2, 191
Let n(b) be the first derivative of -5*b**2/2 - b - 25. Let k be n(-2). List the prime factors of 20/(-15)*-3 + k.
13
List the prime factors of (1 + -4)*(447346/(-42) + 172/1806).
3, 10651
Let n(a) = -a**3 - 4*a**2 - 18*a - 3. Let z be n(-11). Let b = z + -565. List the prime factors of b.
3, 53
Suppose 12*q + 14176 + 4976 = 0. Let d = q - -2456. List the prime factors of d.
2, 5, 43
Suppose -2*z - k = -162733, -5*k + 81398 = 11*z - 10*z. List the prime factors of z.
3, 37, 733
Suppose -17 + 26 = 3*k. Suppose -l = -3*h - 352, -2*l + k*h = 92 - 784. List the prime factors of l.
2, 5, 17
What are the prime factors of -2 + (2 - 5854/(-4) - (-11)/(-22))?
7, 11, 19
Let x(q) = -q**3 + 6*q**2 - q + 1. Let z be x(5). List the prime factors of z/(100/95 - 1).
3, 7, 19
Let i = 109967 + -70738. List the prime factors of i.
39229
Suppose -52*h + 82110 = -h. What are the prime factors of h?
2, 5, 7, 23
Suppose -3*w = -75*y + 72*y + 171663, 5*y - 286150 = -10*w. What are the prime factors of y?
2, 23, 311
Let n(r) = -r - 3. Let h be (-54)/6*2/3. Let z be n(h). List the prime factors of 12*(z/4)/((-3)/(-12)).
2, 3
Let m(u) = -2445*u + 8960. List the prime factors of m(-13).
5, 29, 281
Suppose m - 819 = -255. Let c(t) = 15*t**3 - 4*t**2 + 10*t - 28. Let f be c(3). Let s = m - f. What are the prime factors of s?
193
Let u(f) = f**3 + 3*f**2 - 8*f - 7. Let d be u(-5). Let v(a) = -a**2 - 16*a + 14. Let j be v(d). List the prime factors of 2*j/((-18)/69).
23
List the prime factors of (-31264254)/(-1029) + (-2)/28*2.
23, 1321
Let q = -485 - -6494. List the prime factors of q.
3, 2003
List the prime factors of (4 + 15785/10)*(-6)/(-9).
5, 211
Let o(j) = 3*j + 5. Let r be o(1). Suppose -154 = y - r*y. List the prime factors of -2*3/(-4)*y/3.
11
Let f = -157 - -49. Let n = -113 - f. List the prime factors of 4/18 + (-46)/18*n.
13
Suppose 2*w - 14834 = 5*f - 3697, f - 5 = 0. List the prime factors of w.
5581
Suppose -10 - 19 = -3*i - 4*b, -3*i = 3*b - 30. Suppose -5*y = -5*x + 440, -10*x = -i*x - 2*y + 94. What are the prime factors of x?
2, 3, 5
Let n(o) = -o**2 + 10*o - 47. Let x be n(11). What are the prime factors of (x/(-4))/(40/1440)?
2, 3, 29
Let g be (-2)/(-6) + 87/9. Suppose -51 = -g*i - 11. Suppose -i*w + 41 + 41 = 3*r, -5*r - 3*w = -144. What are the prime factors of r?
2, 3, 5
Suppose 3*i + d - 41794 + 6693 = 0, 4*i = -2*d + 46800. What are the prime factors of i?
11701
Suppose -5*t + 0*t = -30. Let b be 6/(-4) + 9/t. Suppose q - 52 = -c, -6*q + q + 2*c + 281 = b. What are the prime factors of q?
5, 11
Let y = 168 - 175. What are the prime factors of 1268 + ((-140)/5)/y?
2, 3, 53
List the prime factors of (-242)/(-88) + (1248485/20 - 6).
3, 20807
Let m = 12969 - 2911. List the prime factors of m.
2, 47, 107
Let i = 1960 - 288. Suppose 0 = -5*u - i + 6457. What are the prime factors of u?
3, 11, 29
Let r(m) = -m**3 - 22*m**2 - 94*m + 31. List the prime factors of r(-22).
2099
List the prime factors of (-156*8/(-60))/(22/2970).
2, 3, 13
Suppose 33*w - 113037 - 121461 = 0. Suppose -23*o - 11*o + w = 0. What are the prime factors of o?
11, 19
Suppose 0 = 2*o + 5*y + 61, 4*o + o + y = -118. What are the prime factors of (17 + 3)*(1 + -4 - o)?
2, 5
Suppose 6*j - 2*j + 3447 = p, -3*j = -p + 3445. Suppose 0 = 6*f + 377 + p. What are the prime factors of (-2 - (-15)/6)/((-3)/f)?
2, 53
Suppose -4*h = -2*h - 10. Let p be (h - 0) + -6*1/(-2). Let i(m) = 9*m - 5. List the prime factors of i(p).
67
Suppose -4*o = 251 + 889. Let p = 124 + o. Let c = -97 - p. What are the prime factors of c?
2
Let j = 1639 + 499. Suppose 9*z - 787 - j = 0. Let l = -204 + z. List the prime f